t of j?
3
Let t = -829 - -834. Suppose -2533 = -4*s + t*n - 72, -3*s = -n - 1832. What is the hundreds digit of s?
6
Let d = 53610 + -29424. What is the ten thousands digit of d?
2
Suppose -264*z - 580495 = -1823407. What is the units digit of z?
8
What is the units digit of (-80)/760 + (-1 - 299142/(-57))?
7
Let j(b) = b**2 + 15*b - 97. Let u be j(-24). Let o = 785 + -297. Suppose u = q - p, 3*q + q - p - o = 0. What is the units digit of q?
3
Let b = -2246 + 9151. What is the thousands digit of b?
6
Let b(j) = 4*j**2 - 5*j - 4. Let z be b(-1). Suppose 2*u - 3288 = -2*a, 0*u - 3*u + 4916 = -z*a. What is the hundreds digit of u?
6
Let p(d) = -d - 2. Let s be p(-5). Let a(w) be the third derivative of w**6/20 + w**5/60 - 7*w**4/24 + 2*w**3/3 + 9*w**2 + 4. What is the units digit of a(s)?
4
Suppose -1759653 = -61*p + 1822356 - 364625. What is the thousands digit of p?
2
Suppose 5*j = -2*d + d + 50719, 0 = -5*j + 2*d + 50737. What is the hundreds digit of j?
1
Let f = -2 + 17. Suppose 5*t - 10*t = -f. Suppose 0 = -2*r - r + t. What is the units digit of r?
1
Let j(f) = f**3 - f**2 + 6*f - 161. Let l be j(0). What is the hundreds digit of (l - (-2)/(-1))*-5?
8
Let a(z) = -2565*z - 3064. What is the ten thousands digit of a(-36)?
8
Let d(t) be the first derivative of t**2/2 + 27*t + 24. Suppose 16*x - 13*x - 12 = 0. What is the tens digit of d(x)?
3
Let g(j) = 6*j**2 + 6*j - 114. Let d(a) = 9*a + 202. Let s be d(-24). What is the hundreds digit of g(s)?
9
Suppose 0 = t, 8 = 2*q + t - 4*t. Suppose -2*x + 984 = -4*j, 0*x - 2018 = -q*x - 2*j. What is the tens digit of x?
0
Let v(l) = 282*l - 472. What is the hundreds digit of v(78)?
5
Let f be (1 + 15/(-9))*3. Let b be (-1 - (2 - 2))/(f/108). Let c = 0 + b. What is the tens digit of c?
5
Let a = 72 + -30. Let c = 444 - a. What is the tens digit of c?
0
Let j = -234 - 61. Let v = j + 1183. What is the hundreds digit of v?
8
Suppose -331*h + 317*h + 198254 = 0. What is the units digit of h?
1
Suppose -26*p = -25*p - 47. Suppose w - 17*n + 20*n - 39 = 0, -n = w - p. What is the units digit of w?
1
Let y = 39 - 37. Let b be (y/(-3))/(8/(-36)*-3). What is the units digit of 4 + b + -2 + 1 + 78?
0
Suppose -4*f - 5*i = -0*i - 28, -i + 20 = 2*f. Let m(w) = 4*w**2 - 22*w + 21. What is the hundreds digit of m(f)?
3
Suppose 2*c - 7*c = -15. Let k = c + 16. Suppose k = -2*f + 525. What is the tens digit of f?
5
Suppose -6*x = 4*x - 210. Suppose -2 = 19*d - x. What is the units digit of (2 - d) + 39 - (0 + 0)?
0
What is the hundreds digit of (1 + (-12646)/(-6))*(-351)/(-78)?
4
Suppose -3*i - 3*n - 78 = 0, -5*i - 4*n + 25 = 153. What is the tens digit of ((-4716)/i)/(2/4)?
9
Let f = -55 - -59. Suppose -f*j - 946 = -3*o + j, 4*j - 1589 = -5*o. Let g = o + -153. What is the hundreds digit of g?
1
Let k = -3045 - -3557. What is the tens digit of k?
1
Let t = 18 - 13. Suppose t*z = 3*v + 39, 0*z - 3*z + 3*v + 27 = 0. Suppose -z*s = -s - 105. What is the tens digit of s?
2
Let a = 7603 - -10116. What is the units digit of a?
9
Let k(w) be the first derivative of 141*w**2/2 + 62*w + 12. Let d be k(-10). What is the units digit of 9/(-6) - d/8?
7
Suppose -3*p = -142 + 28. Suppose 5 = 2*l + 37. Let n = p + l. What is the units digit of n?
2
Let z(x) = 24312*x**2 - 6*x + 21. What is the tens digit of z(-1)?
3
Let l(j) = -19*j - 12. Let t be l(-1). Suppose t*o - 13*o + 834 = 0. What is the units digit of o?
9
Suppose 5*h - 4*h = -534. Let u = h + 1044. What is the tens digit of u?
1
Let q = -7897 - -14467. What is the units digit of q?
0
Let o = 28786 + -14520. What is the ten thousands digit of o?
1
Let p(g) be the third derivative of 31*g**7/2520 + g**6/144 + 11*g**4/8 + 42*g**2. Let f(j) be the second derivative of p(j). What is the tens digit of f(-3)?
6
Let y(b) = -10*b + 18. Let n(h) = 38*h**2 - 2*h - 1. Let p be n(-1). Let q be (-2 - 0)/(13/p). What is the units digit of y(q)?
8
Let u be 20/(-35) + (-32)/(-7). Suppose -2*z + 3*s = -7, 0*z - 5*s = -2*z + 9. Suppose -u*j - z*j = -168. What is the tens digit of j?
2
Let z = -320 - -61. What is the units digit of -18*(380/(-14))/((-111)/z)?
0
Let k(z) = z**3 - 55*z**2 - 24*z + 660. What is the tens digit of k(57)?
9
Let r(d) = -50 + 9 + 2 - 18 - 31 - 37*d. What is the tens digit of r(-36)?
4
Let h(p) = -86*p**2 - 38*p + 346. Let t(y) = -17*y**2 - 8*y + 69. Let i(o) = 2*h(o) - 11*t(o). What is the units digit of i(6)?
5
Suppose 213*j = 257*j - 333388. What is the hundreds digit of j?
5
Let f = 2705 + -1590. Suppose 0 = -4*a - 0*a - t + 2233, 0 = -2*a + t + f. What is the units digit of a?
8
What is the hundreds digit of ((-309)/(-206))/((-1)/(-24950))?
4
Let k be (364/(-13))/(6/51). Let l = k - -715. What is the hundreds digit of l?
4
Suppose 3*h = -2*u + 34, 64 = 5*h + 2*u + 14. Suppose j - 2*x - 8 = 2*x, -3*j - 4*x = -h. Suppose 503 = j*v + 159. What is the units digit of v?
6
Suppose 2*x = 5*o + 20027, 4*x - 23862 - 16200 = 2*o. What is the hundreds digit of x?
0
Let f(b) = 2*b**3 - 57*b**2 - 15*b + 49. Let h be f(29). Let d = h - -529. What is the hundreds digit of d?
9
What is the tens digit of (-7436 + 28)*(0 + -1)?
0
Let y(h) = 2*h**2 + 11*h + 603. What is the units digit of y(-25)?
8
Let v(b) = -b**3 + 13*b**2 - 21*b - 14. Let w be v(11). What is the tens digit of (-3 + 2)*w*(-13)/(-3)?
1
Let o = -843 - -841. What is the tens digit of ((-54450)/(-847))/(1/((-42)/o))?
5
Suppose 4*x - 13 = -3*i, -i - 6 = -2*x - 7. Suppose 114 + 630 = i*l. What is the tens digit of l?
4
Let x(d) = d**3 - 4*d**2 + 316*d - 62. What is the hundreds digit of x(18)?
1
Suppose 2*i - 2*l - 5377 = 5237, 3*l = 2*i - 10613. What is the hundreds digit of i?
3
Let r = -1631 + 17947. What is the hundreds digit of r?
3
Let x(a) = 3*a + 28. Let r be x(-8). Suppose -3*j - 4*j = r*j. Suppose -10*m + 5*m + 360 = j. What is the tens digit of m?
7
Suppose 0 = -2*t + 2, -z - t + 6*t = 1. Suppose -w = -5*q + 1765, -q + 0*q + 334 = -z*w. What is the units digit of q?
4
Suppose -3*j + p = -11, j = -j - 4*p - 16. Suppose -n - 2*l + 0*l = -232, -j*n + 424 = -4*l. What is the tens digit of n?
2
Suppose 30*h - 541276 = 223710 + 185414. What is the units digit of h?
0
Let v = 238 - 754. Let a = -65 - v. Suppose -9*m = -395 - a. What is the units digit of m?
4
Let q(v) = -v**3 - 13*v**2 - 9*v + 41. Let y be q(-12). Suppose 7*j - y*j = 5*i + 75, 2*j + 2*i = 96. What is the units digit of j?
5
Suppose -m + 126 = 8*m. Suppose -12*x = -m*x + 6. Suppose 0 = -0*c - 2*c + 10, -2*f + 123 = x*c. What is the tens digit of f?
5
Let b(m) = m**2 - 22*m - 6. Let o = -106 - -89. What is the tens digit of b(o)?
5
What is the ten thousands digit of (2455168/(-6))/(-8) - 9/54*2?
5
Suppose 0 = -2*v + 2, g + 128 = -2*g - 4*v. Let p = 49 + g. Suppose 4*j + 266 = 2*h, -3*j = 3*h - p*j - 419. What is the units digit of h?
3
Let h(q) = 11*q - 86. Let w(f) = -f**2 - 19*f - 24. Let o be w(-15). What is the tens digit of h(o)?
1
Let d be 3 - 2 - (0 + 2 + -321). Let i = 1156 - d. What is the units digit of i?
6
Let l(t) = -3*t**2 - 10*t + 13. Let p be l(-9). Let x = p + 201. What is the tens digit of x?
6
Let d = 1310 + 2348. What is the tens digit of d?
5
Suppose 0 = 4*t - 3*r + 2*r - 12, -t - 4*r = 14. Suppose -5*v + 63 = -4*v + 5*k, v + t*k = 57. Let h = -50 + v. What is the units digit of h?
3
Let m(i) = -i**3 - 10*i**2 - 9*i. Let q be m(-9). Suppose o + 3*c + 15 + 3 = 0, -5*c = q. Let b(g) = g**2 + 14*g - 2. What is the tens digit of b(o)?
7
Suppose 143*h - 309247 = 360708. What is the units digit of h?
5
Suppose 41*f - 40*f - 3 = 0. Suppose -3*l - 516 = -f*m, l + 192 = m + 4*l. What is the hundreds digit of m?
1
What is the units digit of (42085/10 - 4/8) + -2?
6
Let n(w) = 2*w**2 - 28*w + 23. Let b be n(10). What is the hundreds digit of (-13965)/b - -4*(1 + 0)?
2
Let l = -56 + 20. Let u = -37 - l. What is the units digit of 11*(1 + -1 + 2 + u)?
1
Let p = 978 + -287. Suppose -698*w + p*w = -3941. What is the tens digit of w?
6
Let s be 23645*9/270 + 2/(-12). Let t = s - -66. What is the tens digit of t?
5
What is the hundreds digit of (-444009)/(-94) - (-6)/(-4)?
7
Let v(c) = -3*c + 10. Let r be -3*(14/3)/(-2). Let f be v(r). Let g = 65 + f. What is the units digit of g?
4
Let l(k) = -123*k + 17. Suppose w - 7 = r, 0 = -5*w + 6*w